{"id":3002,"date":"2019-09-20T11:31:25","date_gmt":"2019-09-20T15:31:25","guid":{"rendered":"https:\/\/donnerbookpriz.wpengine.com\/?page_id=3002"},"modified":"2025-06-23T18:43:11","modified_gmt":"2025-06-23T22:43:11","slug":"conditions","status":"publish","type":"page","link":"https:\/\/donnerbookprize.com\/francais\/conditions\/","title":{"rendered":"Conditions"},"content":{"rendered":"<hr class=\"wp-block-separator has-css-opacity is-style-wide\"\/>\n\n\n\n<p>\n\n\n\n\n\n\n\n\n\n\n\n\n\n\n\n\nUne entente entre la Fondation canadienne Donner et les \u00e9diteurs des ouvrages pr\u00e9s\u00e9lectionn\u00e9s pour le Prix Donner.\n\n\n\n<\/p>\n\n\n\n<ol class=\"wp-block-list\">\n<li>Les ouvrages pr\u00e9s\u00e9lectionn\u00e9s doivent \u00eatre distribu\u00e9s et commercialis\u00e9s partout au Canada.<\/li>\n\n\n\n<li>L\u2019\u00e9diteur des ouvrages pr\u00e9s\u00e9lectionn\u00e9s doit mettre \u00e0 la disposition de la directrice du prix, au besoin, des photos, des biographies, des adresses, des num\u00e9ros de t\u00e9l\u00e9phone, des courriels et toute autre information pertinente de l\u2019auteur.<\/li>\n\n\n\n<li>The Publisher is to ensure, in writing addressed to the Prize Manager, the availability of the shortlisted and winning authors to attend the award ceremony held in Toronto in Spring 2025.<\/li>\n\n\n\n<li>La Fondation\/la directrice des prix s\u2019occupera de tous les aspects de l\u2019h\u00e9bergement, du transport et des indemnit\u00e9s journali\u00e8res des auteurs pr\u00e9s\u00e9lectionn\u00e9s.<\/li>\n\n\n\n<li>L\u2019\u00e9diteur doit aviser les auteurs pr\u00e9s\u00e9lectionn\u00e9s que le laur\u00e9at devra donner une conf\u00e9rence de 5 \u00e0 10 minutes en anglais lors du d\u00eener de remise des prix.<\/li>\n\n\n\n<li>L\u2019\u00e9diteur s\u2019engage \u00e0 maintenir une stricte confidentialit\u00e9 jusqu\u2019\u00e0 la date officielle de l\u2019annonce de la liste des auteurs pr\u00e9s\u00e9lectionn\u00e9s et\/ou du laur\u00e9at du Prix.<\/li>\n\n\n\n<li>La Fondation informera l\u2019\u00e9diteur par t\u00e9l\u00e9phone et par \u00e9crit dans le cas o\u00f9 son ou ses auteurs seraient pr\u00e9s\u00e9lectionn\u00e9s et\/ou gagneraient le prix. L\u2019\u00e9diteur, \u00e0 son tour, a la responsabilit\u00e9 d\u2019informer l\u2019auteur ou les auteurs par t\u00e9l\u00e9phone et par \u00e9crit de leur pr\u00e9s\u00e9lection pour le prix. L\u2019\u00e9diteur doit ensuite confirmer par t\u00e9l\u00e9phone et par \u00e9crit \u00e0 la directrice des prix que l\u2019auteur ou les auteurs sont au courant de leur statut d\u2019auteurs pr\u00e9s\u00e9lectionn\u00e9s et qu\u2019ils sont disponibles pour assister au d\u00eener de remise des prix.<\/li>\n\n\n\n<li>L\u2019\u00e9diteur doit fournir au directeur du prix un nombre raisonnable d\u2019ouvrages, tel que requis \u00e0 des fins publicitaires, si son ou ses auteurs sont pr\u00e9s\u00e9lectionn\u00e9s.<\/li>\n\n\n\n<li>La Fondation fournira \u00e0 l\u2019\u00e9diteur de l\u2019auteur ou des auteurs laur\u00e9ats des autocollants sp\u00e9ciaux qu\u2019il apposera sur le livre gagnant, indiquant qu\u2019il s\u2019agit d\u2019un \u00ab\u2009Laur\u00e9at du Prix Donner du meilleur ouvrage concernant les politiques publiques canadiennes<\/li>\n\n\n\n<li>Autres consid\u00e9rations et\/ou dispositions \u00e0 discuter au moment de l\u2019annonce de la liste restreinte.<\/li>\n<\/ol>\n\n\n\n<div class=\"wp-block-button aligncenter custom27 is-style-squared\"><a class=\"wp-block-button__link has-text-color has-background\" href=\"https:\/\/donnerbookprize.com\/francais\/apply-for-the-2025-donner-prize\/\" style=\"background-color:#585858a;color:#fff\">Soumettre une candidature<\/a><\/div>","protected":false},"excerpt":{"rendered":"<p>An understanding between the Donner Canadian Foundation and publishers of the books shortlisted for the Donner Prize Apply Now<\/p>","protected":false},"author":1,"featured_media":3178,"parent":0,"menu_order":0,"comment_status":"closed","ping_status":"closed","template":"","meta":{"footnotes":""},"class_list":["post-3002","page","type-page","status-publish","has-post-thumbnail"],"_links":{"self":[{"href":"https:\/\/donnerbookprize.com\/francais\/wp-json\/wp\/v2\/pages\/3002","targetHints":{"allow":["GET"]}}],"collection":[{"href":"https:\/\/donnerbookprize.com\/francais\/wp-json\/wp\/v2\/pages"}],"about":[{"href":"https:\/\/donnerbookprize.com\/francais\/wp-json\/wp\/v2\/types\/page"}],"author":[{"embeddable":true,"href":"https:\/\/donnerbookprize.com\/francais\/wp-json\/wp\/v2\/users\/1"}],"replies":[{"embeddable":true,"href":"https:\/\/donnerbookprize.com\/francais\/wp-json\/wp\/v2\/comments?post=3002"}],"version-history":[{"count":0,"href":"https:\/\/donnerbookprize.com\/francais\/wp-json\/wp\/v2\/pages\/3002\/revisions"}],"wp:featuredmedia":[{"embeddable":true,"href":"https:\/\/donnerbookprize.com\/francais\/wp-json\/wp\/v2\/media\/3178"}],"wp:attachment":[{"href":"https:\/\/donnerbookprize.com\/francais\/wp-json\/wp\/v2\/media?parent=3002"}],"curies":[{"name":"wp","href":"https:\/\/api.w.org\/{rel}","templated":true}]}}