{"id":451,"date":"2019-03-19T18:51:48","date_gmt":"2019-03-19T18:51:48","guid":{"rendered":"https:\/\/donnerbookpriz.wpengine.com\/?page_id=451"},"modified":"2020-01-09T12:14:50","modified_gmt":"2020-01-09T17:14:50","slug":"past-winners-2013","status":"publish","type":"page","link":"https:\/\/donnerbookprize.com\/francais\/past-winners-2013\/","title":{"rendered":"Laur\u00e9at du Prix Donner 2013"},"content":{"rendered":"<hr class=\"wp-block-separator is-style-wide\"\/>\n\n\n\n<p class=\"custom4\">Voici une r\u00e9trospective des anciennes personnes laur\u00e9ates. Vous trouverez \u00e9galement la liste des membres du jury pour chaque saison.<\/p>\n\n\n\n<div style=\"height:50px\" aria-hidden=\"true\" class=\"wp-block-spacer custom23\"><\/div>\n\n\n<div class=\"menu-past-winners-container\"><div class=\"mobile-menu\"><form action=\"\"><select id=\"soflow\" onchange=\"if (this.value) window.location.href=this.value\"><option value=\"\">Select<\/option>\n<option value=\"https:\/\/donnerbookprize.com\/francais\/2023-winner\/\">2023 WINNERS<\/option>\n<option value=\"https:\/\/donnerbookprize.com\/francais\/2022-winner\/\">2022 WINNERS<\/option>\n<option value=\"https:\/\/donnerbookprize.com\/francais\/2021-winner\/\">2021 WINNERS<\/option>\n<option value=\"https:\/\/donnerbookprize.com\/francais\/2020-winner\/\">2020 WINNERS<\/option>\n<option value=\"https:\/\/donnerbookprize.com\/francais\/past-winners-2019\/\">2019 WINNERS<\/option>\n<option value=\"https:\/\/donnerbookprize.com\/francais\/past-winners-2018\/\">2018 WINNERS<\/option>\n<option value=\"https:\/\/donnerbookprize.com\/francais\/past-winners-2017\/\">2017 WINNERS<\/option>\n<option value=\"https:\/\/donnerbookprize.com\/francais\/prize-winners\/\">2016 WINNERS<\/option>\n<option value=\"https:\/\/donnerbookprize.com\/francais\/past-winners-2015\/\">2015 WINNERS<\/option>\n<option value=\"https:\/\/donnerbookprize.com\/francais\/past-winners-2014\/\">2014 WINNERS<\/option>\n<option value=\"https:\/\/donnerbookprize.com\/francais\/past-winners-2013\/\">2013 WINNERS<\/option>\n<option value=\"https:\/\/donnerbookprize.com\/francais\/past-winners-2012\/\">2012 WINNERS<\/option>\n<option value=\"https:\/\/donnerbookprize.com\/francais\/past-winners-2011\/\">2011 WINNERS<\/option>\n<option value=\"https:\/\/donnerbookprize.com\/francais\/past-winners-2010\/\">2010 WINNERS<\/option>\n<option value=\"https:\/\/donnerbookprize.com\/francais\/past-winners-2009\/\">2009 WINNERS<\/option>\n<option value=\"https:\/\/donnerbookprize.com\/francais\/past-winners-2008\/\">2008 WINNERS<\/option>\n<option value=\"https:\/\/donnerbookprize.com\/francais\/past-winners-2007\/\">2007 WINNERS<\/option>\n<option value=\"https:\/\/donnerbookprize.com\/francais\/past-winners-2006\/\">2006 WINNERS<\/option>\n<option value=\"https:\/\/donnerbookprize.com\/francais\/past-winners-2005\/\">2005 WINNERS<\/option>\n<option value=\"https:\/\/donnerbookprize.com\/francais\/past-winners-2004\/\">2004 WINNERS<\/option>\n<option value=\"https:\/\/donnerbookprize.com\/francais\/past-winners-2003\/\">2003 WINNERS<\/option>\n<option value=\"https:\/\/donnerbookprize.com\/francais\/past-winners-2002\/\">2002 WINNERS<\/option>\n<option value=\"https:\/\/donnerbookprize.com\/francais\/past-winners-2001\/\">2001 WINNERS<\/option>\n<option value=\"https:\/\/donnerbookprize.com\/francais\/past-winners-2000\/\">2000 WINNERS<\/option>\n<option value=\"https:\/\/donnerbookprize.com\/francais\/past-winners-1999\/\">1999 WINNERS<\/option>\n<option value=\"https:\/\/donnerbookprize.com\/francais\/past-winners-1998\/\">1998 WINNERS<\/option>\n<\/select><input type=\"hidden\" name=\"trp-form-language\" value=\"francais\"\/><\/form><\/div><\/div>\n\n\n\n<h2 style=\"text-align:center\" class=\"custom13 wp-block-heading\">2013 Winner<\/h2>\n\n\n\n<figure class=\"wp-block-embed-youtube wp-block-embed is-type-video is-provider-youtube wp-embed-aspect-16-9 wp-has-aspect-ratio custom34\"><div class=\"wp-block-embed__wrapper\">\n<iframe loading=\"lazy\" width=\"1200\" height=\"675\" src=\"https:\/\/www.youtube.com\/embed\/Jr34kM7oiYY?feature=oembed\" frameborder=\"0\" allow=\"accelerometer; autoplay; encrypted-media; gyroscope; picture-in-picture\" allowfullscreen><\/iframe>\n<\/div><\/figure>\n\n\n\n<div class=\"wp-block-image custom16\"><figure class=\"alignleft\"><img loading=\"lazy\" decoding=\"async\" width=\"125\" height=\"189\" src=\"https:\/\/donnerbookprize.com\/wp-content\/uploads\/2019\/03\/International-Law-Arctic.jpg\" alt=\"INTERNATIONAL LAW AND THE ARCTIC\" class=\"wp-image-1383\"\/><\/figure><\/div>\n\n\n\n<h2 class=\"wp-block-heading\" style=\"text-align:left\"><strong>International Law and the Arctic<\/strong><br><\/h2>\n\n\n\n<h3 style=\"text-align:left\" class=\"custom15 wp-block-heading\">Michael Byers <br><\/h3>\n\n\n\n<h3 class=\"wp-block-heading\" style=\"text-align:left\">(Cambridge University Press)<\/h3>\n\n\n\n<p style=\"text-align:left\" class=\"custom7\">Le changement climatique et la hausse des prix du p\u00e9trole ont plac\u00e9 l'Arctique en t\u00eate de l'ordre du jour des affaires \u00e9trang\u00e8res et ont soulev\u00e9 des questions d\u00e9licates en lien avec la souverainet\u00e9, la s\u00e9curit\u00e9 et la protection de l'environnement. R\u00e9futant l'id\u00e9e fausse largement r\u00e9pandue selon laquelle l'Arctique est une zone non r\u00e9glement\u00e9e de conflit potentiel, M. Byers illustre plut\u00f4t une forte tendance \u00e0 la coop\u00e9ration et \u00e0 l'\u00e9laboration de lois \u00e0 l'\u00e9chelle internationale. Cet ouvrage constitue une analyse accessible mais tr\u00e8s compl\u00e8te des probl\u00e8mes qui touchent l'Arctique, \u00e9crite avec passion et reposant sur une connaissance profonde du sujet. <\/p>\n\n\n\n<figure class=\"wp-block-embed-youtube wp-block-embed is-type-video is-provider-youtube wp-embed-aspect-16-9 wp-has-aspect-ratio custom34\"><div class=\"wp-block-embed__wrapper\">\n<iframe loading=\"lazy\" width=\"1200\" height=\"675\" src=\"https:\/\/www.youtube.com\/embed\/vtBTWKlTfwY?feature=oembed\" frameborder=\"0\" allow=\"accelerometer; autoplay; encrypted-media; gyroscope; picture-in-picture\" allowfullscreen><\/iframe>\n<\/div><\/figure>\n\n\n\n<h2 style=\"text-align:center\" class=\"custom13 wp-block-heading\">SECONDS FAVORIS<\/h2>\n\n\n\n<div class=\"wp-block-image custom16\"><figure class=\"alignleft\"><img loading=\"lazy\" decoding=\"async\" width=\"198\" height=\"300\" src=\"https:\/\/donnerbookprize.com\/wp-content\/uploads\/2019\/04\/Out-of-the-Basement-cover-198x300.jpg\" alt=\"OUT OF THE BASEMENT: YOUTH CULTURAL PRODUCTION IN PRACTICE AND IN POLICY\ufeff\" class=\"wp-image-2663\" srcset=\"https:\/\/donnerbookprize.com\/wp-content\/uploads\/2019\/04\/Out-of-the-Basement-cover-198x300.jpg 198w, https:\/\/donnerbookprize.com\/wp-content\/uploads\/2019\/04\/Out-of-the-Basement-cover-768x1166.jpg 768w, https:\/\/donnerbookprize.com\/wp-content\/uploads\/2019\/04\/Out-of-the-Basement-cover-674x1024.jpg 674w, https:\/\/donnerbookprize.com\/wp-content\/uploads\/2019\/04\/Out-of-the-Basement-cover.jpg 1797w\" sizes=\"auto, (max-width: 198px) 100vw, 198px\" \/><\/figure><\/div>\n\n\n\n<h2 class=\"wp-block-heading\" style=\"text-align:left\"><strong>Out of the Basement: Youth Cultural Production in Practice and in Policy<\/strong><br><\/h2>\n\n\n\n<h3 style=\"text-align:left\" class=\"custom15 wp-block-heading\">Miranda Campbell <br><\/h3>\n\n\n\n<h3 class=\"wp-block-heading\" style=\"text-align:left\">(McGill-Queen&#8217;s University Press)<\/h3>\n\n\n\n<p style=\"text-align:left\" class=\"custom7\"><em>Out of the Basement<\/em>&nbsp;se penche sur ce qui a chang\u00e9 (ou non) alors que les jeunes essaient de vivre de travaux cr\u00e9atifs, r\u00e9v\u00e9lant en quoi les politiques existantes peuvent entraver la production culturelle \u00e0 petite \u00e9chelle. En passant des structures con\u00e7ues pour soutenir une vie cr\u00e9ative aux initiatives prises par les jeunes en l'absence de telles structures,&nbsp;<em>Out of the Basement<\/em>&nbsp;appelle \u00e0 une plus forte prise de conscience et \u00e0 un soutien plus pouss\u00e9 des entreprises cr\u00e9atives chez les jeunes. L'ouvrage de Mme Campbell constitue une analyse extr\u00eamement originale et opportune de l'augmentation du nombre d'emplois cr\u00e9atifs \u00e0 petite \u00e9chelle.<br><\/p>\n\n\n\n<figure class=\"wp-block-embed-youtube wp-block-embed is-type-video is-provider-youtube wp-embed-aspect-16-9 wp-has-aspect-ratio custom35\"><div class=\"wp-block-embed__wrapper\">\n<iframe loading=\"lazy\" width=\"1200\" height=\"675\" src=\"https:\/\/www.youtube.com\/embed\/pm0qGgsY3S4?feature=oembed\" frameborder=\"0\" allow=\"accelerometer; autoplay; encrypted-media; gyroscope; picture-in-picture\" allowfullscreen><\/iframe>\n<\/div><\/figure>\n\n\n\n<div style=\"height:36px\" aria-hidden=\"true\" class=\"wp-block-spacer\"><\/div>\n\n\n\n<hr class=\"wp-block-separator is-style-wide\"\/>\n\n\n\n<div class=\"wp-block-image custom16\"><figure class=\"alignleft\"><img loading=\"lazy\" decoding=\"async\" width=\"201\" height=\"300\" src=\"https:\/\/donnerbookprize.com\/wp-content\/uploads\/2019\/04\/Unujust-by-Design-cover-201x300.jpg\" alt=\"UNJUST BY DESIGN: CANADA'S ADMINISTRATIVE JUSTICE SYSTEM\" class=\"wp-image-2665\" srcset=\"https:\/\/donnerbookprize.com\/wp-content\/uploads\/2019\/04\/Unujust-by-Design-cover-201x300.jpg 201w, https:\/\/donnerbookprize.com\/wp-content\/uploads\/2019\/04\/Unujust-by-Design-cover.jpg 623w\" sizes=\"auto, (max-width: 201px) 100vw, 201px\" \/><\/figure><\/div>\n\n\n\n<h2 class=\"wp-block-heading\" style=\"text-align:left\"><strong>Unjust by Design: Canada&#8217;s Administrative Justice System<\/strong><br><\/h2>\n\n\n\n<h3 style=\"text-align:left\" class=\"custom15 wp-block-heading\">Ron Ellis <br><\/h3>\n\n\n\n<h3 class=\"wp-block-heading\" style=\"text-align:left\">(UBC Press)<\/h3>\n\n\n\n<p style=\"text-align:left\" class=\"custom7\"><em>Unjust by Design<\/em>&nbsp;d\u00e9crit un syst\u00e8me qui a besoin d'une restructuration majeure : alors qu'ils ne parviennent pas \u00e0 se conformer aux principes de l'\u00c9tat de droit ni aux normes constitutionnelles, les tribunaux judiciaires canadiens ne sont ni ind\u00e9pendants, ni impartiaux du point de vue de la loi, et ne sont comp\u00e9tents que de fa\u00e7on providentielle. M. Ellis aborde des questions d'une importance extr\u00eame, sans s'en tenir \u00e0 d\u00e9finir le probl\u00e8me de fa\u00e7on experte; il offre \u00e9galement une solution sous la forme de plans d\u00e9taill\u00e9s visant la restructuration du syst\u00e8me.&nbsp;<em>Unjust by Design<\/em>&nbsp;est un ouvrage portant \u00e0 la r\u00e9flexion qui offre une perspective unique sur un th\u00e8me important pour tous les Canadiens.<br><\/p>\n\n\n\n<figure class=\"wp-block-embed-youtube wp-block-embed is-type-video is-provider-youtube wp-embed-aspect-16-9 wp-has-aspect-ratio custom35\"><div class=\"wp-block-embed__wrapper\">\n<iframe loading=\"lazy\" width=\"1200\" height=\"675\" src=\"https:\/\/www.youtube.com\/embed\/jc6aU6ddP4M?feature=oembed\" frameborder=\"0\" allow=\"accelerometer; autoplay; encrypted-media; gyroscope; picture-in-picture\" allowfullscreen><\/iframe>\n<\/div><\/figure>\n\n\n\n<div style=\"height:36px\" aria-hidden=\"true\" class=\"wp-block-spacer\"><\/div>\n\n\n\n<hr class=\"wp-block-separator is-style-wide\"\/>\n\n\n\n<div class=\"wp-block-image custom16\"><figure class=\"alignleft\"><img loading=\"lazy\" decoding=\"async\" width=\"125\" height=\"188\" src=\"https:\/\/donnerbookprize.com\/wp-content\/uploads\/2019\/03\/Third-Rail-Jim-Leech-Jacquie-McNish.png\" alt=\"THE THIRD RAIL: CONFRONTING OUR PENSION FAILURES\" class=\"wp-image-1386\"\/><\/figure><\/div>\n\n\n\n<h2 class=\"wp-block-heading\" style=\"text-align:left\"><strong>The Third Rail: Confronting Our Pension Failures<\/strong><br><\/h2>\n\n\n\n<h3 style=\"text-align:left\" class=\"custom15 wp-block-heading\">Jim Leech and Jacquie McNish <br><\/h3>\n\n\n\n<h3 class=\"wp-block-heading\" style=\"text-align:left\">(Signal)<\/h3>\n\n\n\n<p style=\"text-align:left\" class=\"custom7\">Au cours des 20 prochaines ann\u00e9es, plus de sept millions de travailleurs canadiens vont prendre leur retraite.&nbsp;<em>The Third Rail<\/em>&nbsp;postule qu'\u00e0 moins d'une r\u00e9forme de notre syst\u00e8me de retraite d\u00e9faillant, pour bon nombre de ces retrait\u00e9s, le r\u00eave de la retraite s'av\u00e9rera n'\u00eatre qu'un mirage d\u00e9concertant et d\u00e9cevant. M. Leech et Mme McNish brisent le silence sur le sujet de cette \u00ab bombe \u00e0 retardement \u00bb, et ont r\u00e9dig\u00e9 un ouvrage accessible qui pr\u00e9sente leur perspective et m\u00e9rite d'\u00eatre lu par tous, des travailleurs sur le point de prendre leur retraite \u00e0 la jeune g\u00e9n\u00e9ration qui entre tout juste sur le march\u00e9 du travail.<br><\/p>\n\n\n\n<figure class=\"wp-block-embed-youtube wp-block-embed is-type-video is-provider-youtube wp-embed-aspect-16-9 wp-has-aspect-ratio custom35\"><div class=\"wp-block-embed__wrapper\">\n<iframe loading=\"lazy\" width=\"1200\" height=\"675\" src=\"https:\/\/www.youtube.com\/embed\/N1NEPFGAbiI?feature=oembed\" frameborder=\"0\" allow=\"accelerometer; autoplay; encrypted-media; gyroscope; picture-in-picture\" allowfullscreen><\/iframe>\n<\/div><\/figure>\n\n\n\n<div style=\"height:17px\" aria-hidden=\"true\" class=\"wp-block-spacer\"><\/div>\n\n\n\n<hr class=\"wp-block-separator is-style-wide\"\/>\n\n\n\n<div class=\"wp-block-image custom16\"><figure class=\"alignleft\"><img loading=\"lazy\" decoding=\"async\" width=\"200\" height=\"300\" src=\"https:\/\/donnerbookprize.com\/wp-content\/uploads\/2019\/04\/Shut-Off-cover-200x300.jpg\" alt=\"SHUT OFF: THE CANADIAN DIGITAL TELEVISION TRANSITION\" class=\"wp-image-2664\" srcset=\"https:\/\/donnerbookprize.com\/wp-content\/uploads\/2019\/04\/Shut-Off-cover-200x300.jpg 200w, https:\/\/donnerbookprize.com\/wp-content\/uploads\/2019\/04\/Shut-Off-cover-768x1152.jpg 768w, https:\/\/donnerbookprize.com\/wp-content\/uploads\/2019\/04\/Shut-Off-cover-683x1024.jpg 683w, https:\/\/donnerbookprize.com\/wp-content\/uploads\/2019\/04\/Shut-Off-cover.jpg 1200w\" sizes=\"auto, (max-width: 200px) 100vw, 200px\" \/><\/figure><\/div>\n\n\n\n<h2 class=\"wp-block-heading\" style=\"text-align:left\"> <strong>Shut Off: The Canadian Digital Television Transition<\/strong><br><\/h2>\n\n\n\n<h3 style=\"text-align:left\" class=\"custom15 wp-block-heading\">Gregory Taylor <br><\/h3>\n\n\n\n<h3 class=\"wp-block-heading\" style=\"text-align:left\">(McGill-Queen&#8217;s University Press)<\/h3>\n\n\n\n<p style=\"text-align:left\" class=\"custom7\">Le passage au num\u00e9rique est l'histoire d'une grande r\u00e9ussite scientifique, d'\u00e9checs co\u00fbteux et de conflits de pouvoirs politiques et industriels significatifs. M. Taylor nous offre une \u00e9valuation perspicace d'une p\u00e9riode de bouleversement technologique et \u00e9conomique pour le secteur canadien de la radiodiffusion, qui d\u00e9voile en quoi la radiodiffusion num\u00e9rique a \u00e9t\u00e9 le site de changements consid\u00e9rables dans l'\u00e9conomie politique des m\u00e9dias canadiens.&nbsp;<em>Shut Off<\/em>  est une \u00e9tude pouss\u00e9e qui offre au lecteur des messages surprenants, remet en question de vieux sch\u00e9mas de pens\u00e9e et encourage l'adoption de nouvelles perspectives sur un sujet important.<br><\/p>\n\n\n\n<figure class=\"wp-block-embed-youtube wp-block-embed is-type-video is-provider-youtube wp-embed-aspect-16-9 wp-has-aspect-ratio custom35\"><div class=\"wp-block-embed__wrapper\">\n<iframe loading=\"lazy\" width=\"1200\" height=\"675\" src=\"https:\/\/www.youtube.com\/embed\/xLOtW7bGrE0?feature=oembed\" frameborder=\"0\" allow=\"accelerometer; autoplay; encrypted-media; gyroscope; picture-in-picture\" allowfullscreen><\/iframe>\n<\/div><\/figure>\n\n\n\n<div style=\"height:17px\" aria-hidden=\"true\" class=\"wp-block-spacer\"><\/div>\n\n\n\n<h2 style=\"text-align:center\" class=\"custom13 wp-block-heading\">Le jury 2013<\/h2>\n\n\n\n<h2 class=\"wp-block-heading\" style=\"text-align:left\"> A. Anne McLellan<br><\/h2>\n\n\n\n<h3 class=\"wp-block-heading\" style=\"text-align:left\">Pr\u00e9sidente<\/h3>\n\n\n\n<p style=\"text-align:left\" class=\"custom7\">L\u2019honorable Anne McLellan est entr\u00e9e chez Bennett Jones LLP apr\u00e8s une brillante carri\u00e8re dans la politique f\u00e9d\u00e9rale, o\u00f9 elle a rempli quatre mandats de d\u00e9put\u00e9e lib\u00e9rale d\u2019Edmonton Centre de 1993 \u00e0 2006. Au cours de sa carri\u00e8re politique, Mme McLellan a d\u00e9tenu les portefeuilles de vice-premi\u00e8re ministre du Canada, ministre de la S\u00e9curit\u00e9 publique et des Mesures d\u2019urgence, ministre de la Sant\u00e9, ministre de la Justice et procureure g\u00e9n\u00e9rale du Canada, et ministre des Ressources naturelles ainsi qu\u2019interlocutrice f\u00e9d\u00e9rale aupr\u00e8s des M\u00e9tis et des Indiens non inscrits. Elle occupe le poste de vice-pr\u00e9sidente du conseil d'administration de l'Institut de recherche en politiques publiques. En juillet 2006, elle a \u00e9t\u00e9 nomm\u00e9e chercheuse \u00e9m\u00e9rite de haute distinction \u00e0 l\u2019Alberta Institute for American Studies de l\u2019Universit\u00e9 de l\u2019Alberta, un poste qu\u2019elle a occup\u00e9 jusqu\u2019\u00e0 ce qu'elle prenne sa retraite le 30 juin 2013.<br><\/p>\n\n\n\n<hr class=\"wp-block-separator is-style-wide\"\/>\n\n\n\n<h2 class=\"wp-block-heading\" style=\"text-align:left\">Marcel Boyer<br><\/h2>\n\n\n\n<p style=\"text-align:left\" class=\"custom7\">Marcel Boyer est professeur \u00e9m\u00e9rite d\u2019\u00e9conomie \u00e0 l\u2019Universit\u00e9 de Montr\u00e9al; membre associ\u00e9 de la Toulouse School of Economics; membre titulaire de l\u2019Institut C.D. Howe, du CIRANO et du CIREQ; vice-pr\u00e9sident de la Society for Economic Research on Copyright Issues; membre titulaire de la Soci\u00e9t\u00e9 royale du Canada; et membre titulaire honoraire de l\u2019Association canadienne d\u2019\u00e9conomique. \u00c0 l\u2019Universit\u00e9 de Montr\u00e9al, il a \u00e9t\u00e9 titulaire de la chaire Jarislowsky-SSHRC-NSERC en technologie et concurrence internationale au D\u00e9partement de math\u00e9matiques et de g\u00e9nie industriel de l\u2019\u00c9cole Polytechnique, et titulaire de la chaire Bell Canada en \u00e9conomie industrielle au D\u00e9partement de sciences \u00e9conomiques. Il a \u00e9t\u00e9 vice-pr\u00e9sident et \u00e9conomiste en chef de l\u2019Institut \u00e9conomique de Montr\u00e9al, pr\u00e9sident de l\u2019Association canadienne d\u2019\u00e9conomique, et PDG du CIRANO. Il a exerc\u00e9 les fonctions d\u2019\u00e9conomiste expert aupr\u00e8s de plusieurs entreprises nationales et internationales et d\u2019organisations gouvernementales, et a comparu en tant que t\u00e9moin expert devant divers organismes et tribunaux.<br><\/p>\n\n\n\n<hr class=\"wp-block-separator is-style-wide\"\/>\n\n\n\n<h2 class=\"wp-block-heading\" style=\"text-align:left\">Peter George<br><\/h2>\n\n\n\n<p style=\"text-align:left\" class=\"custom7\">Le Dr Peter George, qui a re\u00e7u l\u2019Ordre du Canada, a occup\u00e9 pendant 15 ans les fonctions de pr\u00e9sident et vice-chancelier de l\u2019Universit\u00e9 McMaster, soit de 1995 jusqu\u2019\u00e0 son d\u00e9part en retraite, en 2010, p\u00e9riode pendant laquelle il a chapeaut\u00e9 les efforts men\u00e9s par cet \u00e9tablissement sur les plans du d\u00e9veloppement universitaire et des travaux d\u2019\u00e9rudition. Il a occup\u00e9 le poste de pr\u00e9sident du Conseil des universit\u00e9s de l\u2019Ontario, de 1991 \u00e0 1995. Il a pr\u00e9sid\u00e9 l\u2019Ontario Expert Panel on Health Human Resources et les campagnes de Centraide \u00e0 Burlington et dans le grand Hamilton en 2004 et 2005, et a \u00e9t\u00e9 membre du conseil d\u2019administration de l\u2019Institut C.D. Howe, de l\u2019Institute for Work and Health et de l\u2019Ontario Institute for Cancer Research. Il fait actuellement partie du conseil d\u2019administration de l\u2019Universit\u00e9 de Sharjah (\u00c9mirats arabes unis), de la commission de la Kids Health Links Foundation, et a r\u00e9cemment \u00e9t\u00e9 nomm\u00e9 conseiller principal du directeur du R\u00e9seau international pour l'eau, l'environnement et la sant\u00e9 de l\u2019Universit\u00e9 des Nations Unies.<br><\/p>\n\n\n\n<hr class=\"wp-block-separator is-style-wide\"\/>\n\n\n\n<h2 class=\"wp-block-heading\" style=\"text-align:left\">Dr. Jennifer A. Jeffs<\/h2>\n\n\n\n<p style=\"text-align:left\" class=\"custom7\">La Dre Jennifer A. Jeffs est directrice du Conseil international du Canada (CIC), l\u2019institut non partisan du Canada qui s\u2019int\u00e9resse aux affaires internationales. Elle est membre du comit\u00e9 de r\u00e9daction des revues International Journal et Foreign Affairs Latinoamerica; elle fait partie du conseil d\u2019administration du Centro de Estudios y Programas Interamericanos (CEPI) et du Fonds mondial pour la nature Canada; elle est membre du Conseil consultatif de l\u2019Initiative canado-mexicaine. Elle \u00e9tait auparavant directrice g\u00e9n\u00e9rale adjointe du Centre pour l\u2019innovation dans la gouvernance internationale (CIGI), et elle a aussi fond\u00e9 et dirig\u00e9 le Centro de Estudios y Programas Interamericanos (CEPI), dont le si\u00e8ge est \u00e0 l\u2019ITAM, \u00e0 Mexico, o\u00f9 elle a \u00e9galement enseign\u00e9 au D\u00e9partement d\u2019\u00e9tudes internationales. Elle a aussi occup\u00e9 le poste de directrice adjointe du D\u00e9partement des affaires canadiennes de l\u2019Americas Society et du Council of the Americas, \u00e0 New York. Elle est titulaire d\u2019un doctorat en \u00e9conomie politique internationale de l\u2019Universit\u00e9 de Toronto.<br><\/p>\n\n\n\n<hr class=\"wp-block-separator is-style-wide\"\/>\n\n\n\n<h2 class=\"wp-block-heading\" style=\"text-align:left\">Denis Stairs<br><\/h2>\n\n\n\n<p style=\"text-align:left\" class=\"custom7\">Le Dr Stairs est professeur \u00e9m\u00e9rite de sciences politiques \u00e0 l\u2019Universit\u00e9 Dalhousie, membre titulaire de la Soci\u00e9t\u00e9 royale du Canada et ancien pr\u00e9sident de l\u2019Association canadienne de science politique. Directeur fondateur du Centre d\u2019\u00e9tudes des politiques \u00e9trang\u00e8res, il a \u00e9t\u00e9 vice-pr\u00e9sident (enseignement et recherche) de l\u2019Universit\u00e9 Dalhousie de 1988 \u00e0 1993. Il a \u00e9t\u00e9 pr\u00e9sident du comit\u00e9 de r\u00e9ception du Coll\u00e8ge des Forces canadiennes et, pendant de nombreuses ann\u00e9es, membre du conseil d\u2019administration de l\u2019Institut de recherche en politiques publiques. Il est actuellement charg\u00e9 de recherche principal et pr\u00e9sident du conseil consultatif de l\u2019Institut canadien de la d\u00e9fense et des affaires \u00e9trang\u00e8res. En 2006, il a \u00e9t\u00e9 nomm\u00e9 officier de l\u2019Ordre du Canada.<br><\/p>\n\n\n\n<div style=\"height:10px\" aria-hidden=\"true\" class=\"wp-block-spacer\"><\/div>","protected":false},"excerpt":{"rendered":"<p>Here&#8217;s a look back at past winners and the books that made that year&#8217;s shortlist. You&#8217;ll also find our Jury from each award season. 2013 Winner International Law and the Arctic Michael Byers (Cambridge University Press) Climate change and rising oil prices have thrust the Arctic to the top of the foreign policy agenda and &#8230; <a title=\"Laur\u00e9at du Prix Donner 2013\" class=\"read-more\" href=\"https:\/\/donnerbookprize.com\/francais\/past-winners-2013\/\">Read more<span class=\"screen-reader-text\">Laur\u00e9at du Prix Donner 2013<\/span><\/a><\/p>","protected":false},"author":1,"featured_media":3180,"parent":0,"menu_order":0,"comment_status":"closed","ping_status":"closed","template":"","meta":{"footnotes":""},"class_list":["post-451","page","type-page","status-publish","has-post-thumbnail"],"_links":{"self":[{"href":"https:\/\/donnerbookprize.com\/francais\/wp-json\/wp\/v2\/pages\/451","targetHints":{"allow":["GET"]}}],"collection":[{"href":"https:\/\/donnerbookprize.com\/francais\/wp-json\/wp\/v2\/pages"}],"about":[{"href":"https:\/\/donnerbookprize.com\/francais\/wp-json\/wp\/v2\/types\/page"}],"author":[{"embeddable":true,"href":"https:\/\/donnerbookprize.com\/francais\/wp-json\/wp\/v2\/users\/1"}],"replies":[{"embeddable":true,"href":"https:\/\/donnerbookprize.com\/francais\/wp-json\/wp\/v2\/comments?post=451"}],"version-history":[{"count":0,"href":"https:\/\/donnerbookprize.com\/francais\/wp-json\/wp\/v2\/pages\/451\/revisions"}],"wp:featuredmedia":[{"embeddable":true,"href":"https:\/\/donnerbookprize.com\/francais\/wp-json\/wp\/v2\/media\/3180"}],"wp:attachment":[{"href":"https:\/\/donnerbookprize.com\/francais\/wp-json\/wp\/v2\/media?parent=451"}],"curies":[{"name":"wp","href":"https:\/\/api.w.org\/{rel}","templated":true}]}}