{"id":880,"date":"2019-03-25T06:25:05","date_gmt":"2019-03-25T06:25:05","guid":{"rendered":"https:\/\/donnerbookpriz.wpengine.com\/?page_id=880"},"modified":"2020-01-09T12:16:24","modified_gmt":"2020-01-09T17:16:24","slug":"past-winners-2009","status":"publish","type":"page","link":"https:\/\/donnerbookprize.com\/francais\/past-winners-2009\/","title":{"rendered":"Laur\u00e9at du Prix Donner 2009"},"content":{"rendered":"<hr class=\"wp-block-separator is-style-wide\"\/>\n\n\n\n<p class=\"custom4\">Voici une r\u00e9trospective des anciennes personnes laur\u00e9ates. Vous trouverez \u00e9galement la liste des membres du jury pour chaque saison.<\/p>\n\n\n\n<div style=\"height:50px\" aria-hidden=\"true\" class=\"wp-block-spacer custom23\"><\/div>\n\n\n<div class=\"menu-past-winners-container\"><div class=\"mobile-menu\"><form action=\"\"><select id=\"soflow\" onchange=\"if (this.value) window.location.href=this.value\"><option value=\"\">Select<\/option>\n<option value=\"https:\/\/donnerbookprize.com\/francais\/2022-winner\/\">2022 WINNERS<\/option>\n<option value=\"https:\/\/donnerbookprize.com\/francais\/2021-winner\/\">2021 WINNERS<\/option>\n<option value=\"https:\/\/donnerbookprize.com\/francais\/2020-winner\/\">2020 WINNERS<\/option>\n<option value=\"https:\/\/donnerbookprize.com\/francais\/past-winners-2019\/\">2019 WINNERS<\/option>\n<option value=\"https:\/\/donnerbookprize.com\/francais\/past-winners-2018\/\">2018 WINNERS<\/option>\n<option value=\"https:\/\/donnerbookprize.com\/francais\/past-winners-2017\/\">2017 WINNERS<\/option>\n<option value=\"https:\/\/donnerbookprize.com\/francais\/prize-winners\/\">2016 WINNERS<\/option>\n<option value=\"https:\/\/donnerbookprize.com\/francais\/past-winners-2015\/\">2015 WINNERS<\/option>\n<option value=\"https:\/\/donnerbookprize.com\/francais\/past-winners-2014\/\">2014 WINNERS<\/option>\n<option value=\"https:\/\/donnerbookprize.com\/francais\/past-winners-2013\/\">2013 WINNERS<\/option>\n<option value=\"https:\/\/donnerbookprize.com\/francais\/past-winners-2012\/\">2012 WINNERS<\/option>\n<option value=\"https:\/\/donnerbookprize.com\/francais\/past-winners-2011\/\">2011 WINNERS<\/option>\n<option value=\"https:\/\/donnerbookprize.com\/francais\/past-winners-2010\/\">2010 WINNERS<\/option>\n<option value=\"https:\/\/donnerbookprize.com\/francais\/past-winners-2009\/\">2009 WINNERS<\/option>\n<option value=\"https:\/\/donnerbookprize.com\/francais\/past-winners-2008\/\">2008 WINNERS<\/option>\n<option value=\"https:\/\/donnerbookprize.com\/francais\/past-winners-2007\/\">2007 WINNERS<\/option>\n<option value=\"https:\/\/donnerbookprize.com\/francais\/past-winners-2006\/\">2006 WINNERS<\/option>\n<option value=\"https:\/\/donnerbookprize.com\/francais\/past-winners-2005\/\">2005 WINNERS<\/option>\n<option value=\"https:\/\/donnerbookprize.com\/francais\/past-winners-2004\/\">2004 WINNERS<\/option>\n<option value=\"https:\/\/donnerbookprize.com\/francais\/past-winners-2003\/\">2003 WINNERS<\/option>\n<option value=\"https:\/\/donnerbookprize.com\/francais\/past-winners-2002\/\">2002 WINNERS<\/option>\n<option value=\"https:\/\/donnerbookprize.com\/francais\/past-winners-2001\/\">2001 WINNERS<\/option>\n<option value=\"https:\/\/donnerbookprize.com\/francais\/past-winners-2000\/\">2000 WINNERS<\/option>\n<option value=\"https:\/\/donnerbookprize.com\/francais\/past-winners-1999\/\">1999 WINNERS<\/option>\n<option value=\"https:\/\/donnerbookprize.com\/francais\/past-winners-1998\/\">1998 WINNERS<\/option>\n<\/select><input type=\"hidden\" name=\"trp-form-language\" value=\"francais\"\/><\/form><\/div><\/div>\n\n\n\n<h2 style=\"text-align:center\" class=\"custom13 wp-block-heading\">2009 Winner<\/h2>\n\n\n\n<div class=\"wp-block-image custom16\"><figure class=\"alignleft\"><img loading=\"lazy\" decoding=\"async\" width=\"198\" height=\"300\" src=\"https:\/\/donnerbookprize.com\/wp-content\/uploads\/2019\/04\/Brian-Bow-The-Politics-of-Linkage-UBCP-Cover-198x300.jpg\" alt=\"THE POLITICS OF LINKAGE: POWER, INTERDEPENDENCE AND IDEAS IN CANADA-US RELATIONS\" class=\"wp-image-2695\" srcset=\"https:\/\/donnerbookprize.com\/wp-content\/uploads\/2019\/04\/Brian-Bow-The-Politics-of-Linkage-UBCP-Cover-198x300.jpg 198w, https:\/\/donnerbookprize.com\/wp-content\/uploads\/2019\/04\/Brian-Bow-The-Politics-of-Linkage-UBCP-Cover.jpg 595w\" sizes=\"auto, (max-width: 198px) 100vw, 198px\" \/><\/figure><\/div>\n\n\n\n<h2 class=\"wp-block-heading\" style=\"text-align:left\"><strong>The Politics of Linkage: Power, Interdependence and Ideas in Canada-US Relations<\/strong><br><\/h2>\n\n\n\n<h3 style=\"text-align:left\" class=\"custom15 wp-block-heading\"> Brian Bow <\/h3>\n\n\n\n<h3 class=\"wp-block-heading\" style=\"text-align:left\">(UBC Press)<\/h3>\n\n\n\n<p style=\"text-align:left\" class=\"custom7\">Le Canada et les \u00c9tats Unis entretiennent ils une relation privil\u00e9gi\u00e9e ou s\u2019agit il simplement d\u2019une relation de fa\u00e7ade? The Politics of Linkage nous propose un compte rendu d\u00e9taill\u00e9 sur quatre diff\u00e9rends bilat\u00e9raux majeurs tout en retra\u00e7ant l\u2019histoire des relations canado am\u00e9ricaines et en dressant le profil de la culture diplomatique de l\u2019apr\u00e8s guerre.<br><\/p>\n\n\n\n<h2 style=\"text-align:center\" class=\"custom13 wp-block-heading\">SECONDS FAVORIS<\/h2>\n\n\n\n<div class=\"wp-block-image custom16\"><figure class=\"alignleft\"><img loading=\"lazy\" decoding=\"async\" width=\"194\" height=\"300\" src=\"https:\/\/donnerbookprize.com\/wp-content\/uploads\/2019\/04\/WhoOwnstheArctic-194x300.jpg\" alt=\"WHO OWNS THE ARCTIC?: UNDERSTANDING SOVEREIGNTY DISPUTES IN THE NORTH\" class=\"wp-image-2698\" srcset=\"https:\/\/donnerbookprize.com\/wp-content\/uploads\/2019\/04\/WhoOwnstheArctic-194x300.jpg 194w, https:\/\/donnerbookprize.com\/wp-content\/uploads\/2019\/04\/WhoOwnstheArctic.jpg 558w\" sizes=\"auto, (max-width: 194px) 100vw, 194px\" \/><\/figure><\/div>\n\n\n\n<h2 class=\"wp-block-heading\" style=\"text-align:left\"><strong>Who Owns the Arctic?: Understanding Sovereignty Disputes in the North<\/strong><br><\/h2>\n\n\n\n<h3 style=\"text-align:left\" class=\"custom15 wp-block-heading\">Michael Byers <\/h3>\n\n\n\n<h3 class=\"wp-block-heading\" style=\"text-align:left\">( Douglas &amp; McIntyre )<\/h3>\n\n\n\n<p style=\"text-align:left\" class=\"custom7\">Dans Who Owns the Arctic?, un sp\u00e9cialiste de l\u2019Arctique r\u00e9put\u00e9 et avocat sp\u00e9cialis\u00e9 en droit international explique les r\u00e8glements, parfois contradictoires, qui r\u00e9gissent la r\u00e9gion de l\u2019Arctique et les litiges qu\u2019il reste \u00e0 r\u00e9soudre.<br><\/p>\n\n\n\n<p><\/p>\n\n\n\n<div style=\"height:128px\" aria-hidden=\"true\" class=\"wp-block-spacer\"><\/div>\n\n\n\n<hr class=\"wp-block-separator is-style-wide\"\/>\n\n\n\n<div class=\"wp-block-image custom16\"><figure class=\"alignleft\"><img loading=\"lazy\" decoding=\"async\" width=\"194\" height=\"300\" src=\"https:\/\/donnerbookprize.com\/wp-content\/uploads\/2019\/04\/ThousandDreams-194x300.jpg\" alt=\"A THOUSAND DREAMS: VANCOUVER'S DOWNTOWN EASTSIDE AND THE FIGHT FOR ITS FUTURE\" class=\"wp-image-2697\" srcset=\"https:\/\/donnerbookprize.com\/wp-content\/uploads\/2019\/04\/ThousandDreams-194x300.jpg 194w, https:\/\/donnerbookprize.com\/wp-content\/uploads\/2019\/04\/ThousandDreams.jpg 558w\" sizes=\"auto, (max-width: 194px) 100vw, 194px\" \/><\/figure><\/div>\n\n\n\n<h2 class=\"wp-block-heading\" style=\"text-align:left\"><br><strong>A Thousand Dreams: Vancouver&#8217;s Downtown Eastside and the Fight for Its Future<\/strong><br><\/h2>\n\n\n\n<h3 style=\"text-align:left\" class=\"custom15 wp-block-heading\"> Larry Campbell, Neil Boyd &amp; Lori Culbert <\/h3>\n\n\n\n<h3 class=\"wp-block-heading\" style=\"text-align:left\">(Greystone Books)<\/h3>\n\n\n\n<p style=\"text-align:left\" class=\"custom7\">A Thousand Dreams pose des questions d\u00e9rangeantes sur les d\u00e9fis rencontr\u00e9s non seulement dans l\u2019Est du centre ville de Vancouver, mais \u00e9galement dans la plupart des grandes m\u00e9tropoles nord am\u00e9ricaines, et propose des solutions certes controvers\u00e9es mais concr\u00e8tes \u00e0 des probl\u00e8mes urgents.<br><\/p>\n\n\n\n<div style=\"height:36px\" aria-hidden=\"true\" class=\"wp-block-spacer\"><\/div>\n\n\n\n<hr class=\"wp-block-separator is-style-wide\"\/>\n\n\n\n<div class=\"wp-block-image custom16\"><figure class=\"alignleft\"><img loading=\"lazy\" decoding=\"async\" width=\"200\" height=\"300\" src=\"https:\/\/donnerbookprize.com\/wp-content\/uploads\/2019\/04\/potterNew1_final-200x300.jpg\" alt=\"BRANDING CANADA: PROJECTING CANADA'S SOFT POWER THROUGH PUBLIC DIPLOMACY\" class=\"wp-image-2696\" srcset=\"https:\/\/donnerbookprize.com\/wp-content\/uploads\/2019\/04\/potterNew1_final-200x300.jpg 200w, https:\/\/donnerbookprize.com\/wp-content\/uploads\/2019\/04\/potterNew1_final.jpg 575w\" sizes=\"auto, (max-width: 200px) 100vw, 200px\" \/><\/figure><\/div>\n\n\n\n<h2 class=\"wp-block-heading\" style=\"text-align:left\"><strong>Branding Canada: Projecting Canada&#8217;s Soft Power through Public Diplomacy<\/strong><br><\/h2>\n\n\n\n<h3 style=\"text-align:left\" class=\"custom15 wp-block-heading\"> Evan H. Potter <\/h3>\n\n\n\n<h3 class=\"wp-block-heading\" style=\"text-align:left\">(McGill-Queen&#8217;s University Press )<\/h3>\n\n\n\n<p style=\"text-align:left\" class=\"custom7\">Branding Canada est le premier ouvrage \u00e0 proposer un tour d\u2019horizon complet de la diplomatie publique au Canada, des origines \u00e0 la mise en \u0153uvre en passant par la conception. Il offre des conseils strat\u00e9giques sur la ligne de conduite canadienne et pousse plus loin la r\u00e9flexion sur la diplomatie publique.<br><\/p>\n\n\n\n<div style=\"height:17px\" aria-hidden=\"true\" class=\"wp-block-spacer\"><\/div>\n\n\n\n<div style=\"height:17px\" aria-hidden=\"true\" class=\"wp-block-spacer\"><\/div>\n\n\n\n<h2 style=\"text-align:center\" class=\"custom13 wp-block-heading\">Le Jury 2009<\/h2>\n\n\n\n<h2 class=\"wp-block-heading\" style=\"text-align:left\"> A. Anne McLellan<br><\/h2>\n\n\n\n<h3 class=\"wp-block-heading\" style=\"text-align:left\">Pr\u00e9sidente<\/h3>\n\n\n\n<p style=\"text-align:left\" class=\"custom7\">L'honorable Anne McLellan est entr\u00e9e chez Bennett Jones S.E.N.C.R.L. apr\u00e8s une brillante carri\u00e8re dans la politique f\u00e9d\u00e9rale. Elle a rempli quatre mandats de d\u00e9put\u00e9e lib\u00e9rale d'Edmonton Centre de 1993 \u00e0 2006 et a d\u00e9tenu les portefeuilles de Vice-premi\u00e8re ministre du Canada, ministre de la S\u00e9curit\u00e9 publique et des Mesures d'urgence, ministre de la Sant\u00e9, ministre de la Justice et procureure g\u00e9n\u00e9rale du Canada, et ministre des Ressources naturelles et interlocutrice f\u00e9d\u00e9rale aupr\u00e8s des M\u00e9tis et des Indiens non inscrits. En tant que Vice-premi\u00e8re ministre, elle a pr\u00e9sid\u00e9 deux comit\u00e9s du Cabinet, \u00e0 savoir le Comit\u00e9 des op\u00e9rations et le Comit\u00e9 de la s\u00e9curit\u00e9, de la sant\u00e9 publique et de la protection civile. En juillet 2006, elle a \u00e9t\u00e9 nomm\u00e9e chercheuse invit\u00e9e de haute distinction \u00e0 l'Institute for United States Policy Studies de l'Universit\u00e9 de l'Alberta et est actuellement directrice par int\u00e9rim de cet organisme.<br><\/p>\n\n\n\n<hr class=\"wp-block-separator is-style-wide\"\/>\n\n\n\n<h2 class=\"wp-block-heading\" style=\"text-align:left\">Wendy Dobson<br><\/h2>\n\n\n\n<p style=\"text-align:left\" class=\"custom7\">Mme Wendy Dobson est professeure et codirectrice de l'Institute for International Business, organisme int\u00e9gr\u00e9 \u00e0 la Rotman School of Management, de l'Universit\u00e9 de Toronto. Elle a \u00e9t\u00e9 sous-ministre adjointe des Finances du gouvernement canadien et pr\u00e9sidente de l'Institut C.D. Howe. Elle est membre du conseil d'administration de plusieurs soci\u00e9t\u00e9s canadiennes et est agr\u00e9g\u00e9e sup\u00e9rieure de recherches \u00e0 la Fondation Asie Pacifique, et membre du comit\u00e9 consultatif du Peterson Institute of International Economics. Elle est actuellement pr\u00e9sidente du Comit\u00e9 directeur international du Pacific Trade and Development Network (PAFTAD).<br><\/p>\n\n\n\n<hr class=\"wp-block-separator is-style-wide\"\/>\n\n\n\n<h2 class=\"wp-block-heading\" style=\"text-align:left\">V. Peter Harder<br><\/h2>\n\n\n\n<p style=\"text-align:left\" class=\"custom7\">Peter Harder, est conseiller principal sur les strat\u00e9gies chez Fraser Milner Casgrain S.E.N.C.R.L. Il poss\u00e8de une longue exp\u00e9rience des politiques publiques, acquise au fil d'une carri\u00e8re de 30 ans pass\u00e9e au c\u0153ur m\u00eame du processus d\u00e9cisionnel du gouvernement. Nomm\u00e9 sous-ministre en 1991, il d\u00e9tient le record de long\u00e9vit\u00e9 dans cette fonction au sein du gouvernement du Canada. Il a dirig\u00e9 l'administration de plusieurs d\u00e9partements, dont le Conseil du Tr\u00e9sor, et les minist\u00e8res du Solliciteur g\u00e9n\u00e9ral, de la Citoyennet\u00e9 et de l'Immigration, de l'Industrie, et des Affaires \u00e9trang\u00e9res et du Commerce international. Dans ce dernier poste, il a \u00e9t\u00e9 repr\u00e9sentant personnel du Premier ministre \u00e0 trois sommets du G8 (Sea Island, Gleneagles et Saint-P\u00e9tersbourg). En 2000, la Gouverneure-g\u00e9n\u00e9rale lui a remis le Prix du Premier ministre pour services insignes de la fonction publique.<br><\/p>\n\n\n\n<hr class=\"wp-block-separator is-style-wide\"\/>\n\n\n\n<h2 class=\"wp-block-heading\" style=\"text-align:left\">Robert Lacroix<br><\/h2>\n\n\n\n<p style=\"text-align:left\" class=\"custom7\">Robert Lacroix est titulaire d\u2019un doctorat en \u00e9conomie de l\u2019Universit\u00e9 de Louvain (Belgique) et a \u00e9t\u00e9 professeur au D\u00e9partement de sciences \u00e9conomiques de l\u2019Universit\u00e9 de Montr\u00e9al de 1970 \u00e0 2006. Il a occup\u00e9 divers postes administratifs dans cet \u00e9tablissement, et a notamment \u00e9t\u00e9 pr\u00e9sident du D\u00e9partement des sciences \u00e9conomiques et directeur du Centre de recherche et de d\u00e9veloppement en \u00e9conomie (CRDE). De 1987 \u00e0 1993, il a \u00e9t\u00e9 doyen de la Facult\u00e9 des arts et sciences, et pr\u00e9sident directeur g\u00e9n\u00e9ral du Centre interuniversitaire de recherches en analyse des organisations (CIRANO). M. Lacroix a \u00e9t\u00e9 recteur de l\u2019Universit\u00e9 de Montr\u00e9al de 1998 \u00e0 2005. Il a \u00e9t\u00e9 pr\u00e9sident du conseil d\u2019administration de l\u2019Association des universit\u00e9s et coll\u00e8ges du Canada de 2001 \u00e0 2003. Il est membre de l\u2019Ordre du Canada.<br><\/p>\n\n\n\n<hr class=\"wp-block-separator is-style-wide\"\/>\n\n\n\n<h2 class=\"wp-block-heading\" style=\"text-align:left\">Denis Stairs<br><\/h2>\n\n\n\n<p style=\"text-align:left\" class=\"custom7\">Denis Stairs, professeur \u00e9m\u00e9rite de sciences politiques \u00e0 l'Universit\u00e9 Dalhousie; ancien pr\u00e9sident de l'Association canadienne de science politique; directeur fondateur du Centre for Foreign Policy Studies; officier de l'Ordre du Canada.<br><\/p>\n\n\n\n<div style=\"height:10px\" aria-hidden=\"true\" class=\"wp-block-spacer\"><\/div>\n\n\n\n<p><\/p>","protected":false},"excerpt":{"rendered":"<p>Here&#8217;s a look back at past winners and the books that made that year&#8217;s shortlist. You&#8217;ll also find our Jury from each award season. 2009 Winner The Politics of Linkage: Power, Interdependence and Ideas in Canada-US Relations Brian Bow (UBC Press) Do Canada and the United States share a special relationship, or is this just &#8230; <a title=\"Laur\u00e9at du Prix Donner 2009\" class=\"read-more\" href=\"https:\/\/donnerbookprize.com\/francais\/past-winners-2009\/\">Read more<span class=\"screen-reader-text\">Laur\u00e9at du Prix Donner 2009<\/span><\/a><\/p>","protected":false},"author":1,"featured_media":3180,"parent":0,"menu_order":0,"comment_status":"closed","ping_status":"closed","template":"","meta":{"footnotes":""},"class_list":["post-880","page","type-page","status-publish","has-post-thumbnail"],"_links":{"self":[{"href":"https:\/\/donnerbookprize.com\/francais\/wp-json\/wp\/v2\/pages\/880","targetHints":{"allow":["GET"]}}],"collection":[{"href":"https:\/\/donnerbookprize.com\/francais\/wp-json\/wp\/v2\/pages"}],"about":[{"href":"https:\/\/donnerbookprize.com\/francais\/wp-json\/wp\/v2\/types\/page"}],"author":[{"embeddable":true,"href":"https:\/\/donnerbookprize.com\/francais\/wp-json\/wp\/v2\/users\/1"}],"replies":[{"embeddable":true,"href":"https:\/\/donnerbookprize.com\/francais\/wp-json\/wp\/v2\/comments?post=880"}],"version-history":[{"count":0,"href":"https:\/\/donnerbookprize.com\/francais\/wp-json\/wp\/v2\/pages\/880\/revisions"}],"wp:featuredmedia":[{"embeddable":true,"href":"https:\/\/donnerbookprize.com\/francais\/wp-json\/wp\/v2\/media\/3180"}],"wp:attachment":[{"href":"https:\/\/donnerbookprize.com\/francais\/wp-json\/wp\/v2\/media?parent=880"}],"curies":[{"name":"wp","href":"https:\/\/api.w.org\/{rel}","templated":true}]}}